{"id":12,"date":"2024-09-02T09:56:45","date_gmt":"2024-09-02T12:56:45","guid":{"rendered":"https:\/\/goyoibanez.com\/?page_id=12"},"modified":"2025-07-02T14:45:25","modified_gmt":"2025-07-02T17:45:25","slug":"info","status":"publish","type":"page","link":"https:\/\/goyoibanez.com\/?page_id=12","title":{"rendered":"info"},"content":{"rendered":"\t\t<div data-elementor-type=\"wp-page\" data-elementor-id=\"12\" class=\"elementor elementor-12\">\n\t\t\t\t<div class=\"elementor-element elementor-element-27b7656 e-con-full e-flex e-con e-parent\" data-id=\"27b7656\" data-element_type=\"container\">\n\t\t<div class=\"elementor-element elementor-element-c13ef0f e-con-full e-flex e-con e-child\" data-id=\"c13ef0f\" data-element_type=\"container\">\n\t\t\t\t<div class=\"elementor-element elementor-element-eb83eb2 elementor-widget__width-initial elementor-widget elementor-widget-text-editor\" data-id=\"eb83eb2\" data-element_type=\"widget\" data-widget_type=\"text-editor.default\">\n\t\t\t\t<div class=\"elementor-widget-container\">\n\t\t\t\t\t\t\t\t\t<p>Gregorio Iba\u00f1ez (Buenos Aires, 1976) es un fot\u00f3grafo que reside en Jun\u00edn de los Andes, Patagonia Argentina, desde el a\u00f1o 2020. En Patagonia sus trabajos se centran en explorar e interpelar las realidades socioculturales y ambientales de la zona desde la fotograf\u00eda. Adem\u00e1s de sus trabajos autorales trabaja con WCSArgentina (Wildlife Conservation Society) en la producci\u00f3n de contenidos y documentaci\u00f3n del proyecto Coexistencia desde 2021. Y colabora con investigadores del CONICET (Consejo Nacional de Investigaciones Cient\u00edficas y T\u00e9cnicas) y CEAN (Centro de Ecolog\u00eda Aplicada de Neuqu\u00e9n) desde 2019.<\/p><p><span style=\"color: var( --e-global-color-text ); font-family: var( --e-global-typography-text-font-family ), Sans-serif; font-size: var( --e-global-typography-text-font-size ); font-weight: var( --e-global-typography-text-font-weight );\">En el a\u00f1o 2023 recibi\u00f3 la Beca Creaci\u00f3n del Fondo Nacional de las Artes para l desarrollo de su ensayo \u201cISLA\u201d en Isla Victoria, Lago Nahuel Huapi en el que se encuentra trabajando actualmente.<\/span><\/p><p><span style=\"color: var( --e-global-color-text ); font-family: var( --e-global-typography-text-font-family ), Sans-serif; font-size: var( --e-global-typography-text-font-size ); font-weight: var( --e-global-typography-text-font-weight );\">\u00a0<\/span><\/p>\t\t\t\t\t\t\t\t<\/div>\n\t\t\t\t<\/div>\n\t\t\t\t<\/div>\n\t\t<div class=\"elementor-element elementor-element-d5a4fc6 e-con-full e-flex e-con e-child\" data-id=\"d5a4fc6\" data-element_type=\"container\">\n\t\t\t\t<div class=\"elementor-element elementor-element-0c33f40 elementor-widget elementor-widget-text-editor\" data-id=\"0c33f40\" data-element_type=\"widget\" data-widget_type=\"text-editor.default\">\n\t\t\t\t<div class=\"elementor-widget-container\">\n\t\t\t\t\t\t\t\t\t<p>\u00a0<\/p><p style=\"padding-left: 40px; text-align: left;\"><strong>contacto<\/strong><\/p><p style=\"padding-left: 40px; text-align: left;\">ggooyyoo@gmail.com<\/p><p style=\"padding-left: 40px; text-align: left;\">instagram<\/p><p style=\"padding-left: 40px; text-align: left;\"><span style=\"color: #808080;\"><a style=\"color: #808080;\" href=\"https:\/\/www.instagram.com\/goyo_ibanez\/\" target=\"_blank\" rel=\"noopener\">@goyo_ibanez<\/a><\/span><\/p><p style=\"padding-left: 40px;\"><span style=\"color: #808080;\"><a style=\"color: #808080;\" href=\"https:\/\/www.instagram.com\/conceptochime\/\">@conceptochime<\/a><\/span><\/p><p style=\"padding-left: 40px; text-align: left;\">\u00a0<\/p><p style=\"padding-left: 40px; text-align: left;\">\u00a0<\/p><p style=\"padding-left: 40px; text-align: left;\">\u00a0<\/p>\t\t\t\t\t\t\t\t<\/div>\n\t\t\t\t<\/div>\n\t\t\t\t<\/div>\n\t\t\t\t<\/div>\n\t\t<div class=\"elementor-element elementor-element-f2083ae e-con-full e-flex e-con e-parent\" data-id=\"f2083ae\" data-element_type=\"container\">\n\t\t\t\t<div class=\"elementor-element elementor-element-c8e9bf1 elementor-shape-rounded elementor-grid-0 e-grid-align-center elementor-widget elementor-widget-social-icons\" data-id=\"c8e9bf1\" data-element_type=\"widget\" data-widget_type=\"social-icons.default\">\n\t\t\t\t<div class=\"elementor-widget-container\">\n\t\t\t\t\t\t\t<div class=\"elementor-social-icons-wrapper elementor-grid\">\n\t\t\t\t\t\t\t<span class=\"elementor-grid-item\">\n\t\t\t\t\t<a class=\"elementor-icon elementor-social-icon elementor-social-icon-instagram elementor-repeater-item-1ae504a\" href=\"https:\/\/www.instagram.com\/goyo_ibanez\/\" target=\"_blank\">\n\t\t\t\t\t\t<span class=\"elementor-screen-only\">Instagram<\/span>\n\t\t\t\t\t\t<svg class=\"e-font-icon-svg e-fab-instagram\" viewBox=\"0 0 448 512\" xmlns=\"http:\/\/www.w3.org\/2000\/svg\"><path d=\"M224.1 141c-63.6 0-114.9 51.3-114.9 114.9s51.3 114.9 114.9 114.9S339 319.5 339 255.9 287.7 141 224.1 141zm0 189.6c-41.1 0-74.7-33.5-74.7-74.7s33.5-74.7 74.7-74.7 74.7 33.5 74.7 74.7-33.6 74.7-74.7 74.7zm146.4-194.3c0 14.9-12 26.8-26.8 26.8-14.9 0-26.8-12-26.8-26.8s12-26.8 26.8-26.8 26.8 12 26.8 26.8zm76.1 27.2c-1.7-35.9-9.9-67.7-36.2-93.9-26.2-26.2-58-34.4-93.9-36.2-37-2.1-147.9-2.1-184.9 0-35.8 1.7-67.6 9.9-93.9 36.1s-34.4 58-36.2 93.9c-2.1 37-2.1 147.9 0 184.9 1.7 35.9 9.9 67.7 36.2 93.9s58 34.4 93.9 36.2c37 2.1 147.9 2.1 184.9 0 35.9-1.7 67.7-9.9 93.9-36.2 26.2-26.2 34.4-58 36.2-93.9 2.1-37 2.1-147.8 0-184.8zM398.8 388c-7.8 19.6-22.9 34.7-42.6 42.6-29.5 11.7-99.5 9-132.1 9s-102.7 2.6-132.1-9c-19.6-7.8-34.7-22.9-42.6-42.6-11.7-29.5-9-99.5-9-132.1s-2.6-102.7 9-132.1c7.8-19.6 22.9-34.7 42.6-42.6 29.5-11.7 99.5-9 132.1-9s102.7-2.6 132.1 9c19.6 7.8 34.7 22.9 42.6 42.6 11.7 29.5 9 99.5 9 132.1s2.7 102.7-9 132.1z\"><\/path><\/svg>\t\t\t\t\t<\/a>\n\t\t\t\t<\/span>\n\t\t\t\t\t<\/div>\n\t\t\t\t\t\t<\/div>\n\t\t\t\t<\/div>\n\t\t\t\t<div class=\"elementor-element elementor-element-14957ce elementor-widget elementor-widget-text-editor\" data-id=\"14957ce\" data-element_type=\"widget\" data-widget_type=\"text-editor.default\">\n\t\t\t\t<div class=\"elementor-widget-container\">\n\t\t\t\t\t\t\t\t\t<p>\u00a0<\/p><p>\u00a0<\/p><p style=\"text-align: left; padding-left: 40px;\">2024<\/p><p>Shortlisted Textile Exchange-Magnum Photo \u201cTextile Transformations\u201d<\/p><p>Entre fibras y fauna, el arte de la coexistencia &#8211; Wildlife Conservation Society Argentina, en VALK GALLERY, Buenos Aires.<\/p><p>Selecci\u00f3n Sal\u00f3n Nacional de Artes Visuales Ciudad de Jun\u00edn, Museo MACA<\/p><p style=\"text-align: left; padding-left: 40px;\">2023<\/p><p>Shortlisted Textile Exchange-Magnum Photo \u201cTextile Transformations\u201d<br \/>Beca Fondo Nacional de las Artes desarrollo ensayo \u201cISLA\u201d<br \/>Selecci\u00f3n Premio ITAU Artes Visuales<br \/>Selecci\u00f3n 14\u00ba Sal\u00f3n Anual Nacional de Fotograf\u00eda, Ciudad de Mercedes<br \/>Selecci\u00f3n Premio MACSur a las Artes Visuales 2023<\/p><p style=\"padding-left: 40px;\">2022<\/p><p>Premio Regi\u00f3n Patagonia Concurso de Artes Visuales del Fondo<br \/>Nacional de las Artes<\/p><p style=\"padding-left: 40px;\">2021<\/p><p>Primer Premio 12\u00ba Sal\u00f3n Anual Nacional de Fotograf\u00eda, Ciudad de<br \/>Mercedes<\/p><p style=\"padding-left: 40px;\">2019<\/p><p>Muestra grupal \u201cParalelo 48\u00b0 Sur\u201d, Casa de la Provincia de Santa Cruz<br \/>Selecci\u00f3n Sal\u00f3n Nacional de Artes Visuales Ciudad de Jun\u00edn, Museo<br \/>MACA<br \/>Selecci\u00f3n 11\u00ba Sal\u00f3n Anual Nacional de Fotograf\u00eda, Ciudad de Mercedes<\/p><p style=\"padding-left: 40px;\">2017<\/p><p>Selecci\u00f3n Festival Errante, NatGeo, Montevideo, Uruguay<\/p>\t\t\t\t\t\t\t\t<\/div>\n\t\t\t\t<\/div>\n\t\t\t\t<\/div>\n\t\t\t\t<\/div>\n\t\t","protected":false},"excerpt":{"rendered":"<p>Gregorio Iba\u00f1ez (Buenos Aires, 1976) es un fot\u00f3grafo que reside en Jun\u00edn de los Andes, Patagonia Argentina, desde el a\u00f1o 2020. En Patagonia sus trabajos se centran en explorar e interpelar las realidades socioculturales y ambientales de la zona desde la fotograf\u00eda. Adem\u00e1s de sus trabajos autorales trabaja con WCSArgentina (Wildlife Conservation Society) en la [&hellip;]<\/p>\n","protected":false},"author":1,"featured_media":0,"parent":0,"menu_order":0,"comment_status":"closed","ping_status":"closed","template":"","meta":{"footnotes":""},"class_list":["post-12","page","type-page","status-publish","hentry"],"_links":{"self":[{"href":"https:\/\/goyoibanez.com\/index.php?rest_route=\/wp\/v2\/pages\/12","targetHints":{"allow":["GET"]}}],"collection":[{"href":"https:\/\/goyoibanez.com\/index.php?rest_route=\/wp\/v2\/pages"}],"about":[{"href":"https:\/\/goyoibanez.com\/index.php?rest_route=\/wp\/v2\/types\/page"}],"author":[{"embeddable":true,"href":"https:\/\/goyoibanez.com\/index.php?rest_route=\/wp\/v2\/users\/1"}],"replies":[{"embeddable":true,"href":"https:\/\/goyoibanez.com\/index.php?rest_route=%2Fwp%2Fv2%2Fcomments&post=12"}],"version-history":[{"count":82,"href":"https:\/\/goyoibanez.com\/index.php?rest_route=\/wp\/v2\/pages\/12\/revisions"}],"predecessor-version":[{"id":616,"href":"https:\/\/goyoibanez.com\/index.php?rest_route=\/wp\/v2\/pages\/12\/revisions\/616"}],"wp:attachment":[{"href":"https:\/\/goyoibanez.com\/index.php?rest_route=%2Fwp%2Fv2%2Fmedia&parent=12"}],"curies":[{"name":"wp","href":"https:\/\/api.w.org\/{rel}","templated":true}]}}